Let f be (-16)/(-3) + 2/3. Suppose -q = -4*q + f. Suppose -b + 9 = q. What are the prime factors of b?
7
Let i = 27 - -13. List the prime factors of i.
2, 5
Let w = 12 - 10. Suppose 0 = p - 18 - w. What are the prime factors of p?
2, 5
Let h(v) = -v - 1. Let z(d) = d**3 - 6*d**2 - 2*d + 5. Let q be z(6). List the prime factors of h(q).
2, 3
Suppose -3*b = -5*q - 101, 0*b - q = 3*b - 131. What are the prime factors of b?
2, 3, 7
Let h(f) be the third derivative of -f**4/24 + 5*f**3/6 + 17*f**2. Let p = -12 - -7. List the prime factors of h(p).
2, 5
Let w = -17 - -9. Let t(i) = -i**3 - 7*i**2 + 6*i + 5. List the prime factors of t(w).
3, 7
Let l = -28 - -16. List the prime factors of (-1)/((-1)/l*-2).
2, 3
Let p = 16 - 13. Suppose 0 = -4*c, p*k = 5*c + 16 + 2. List the prime factors of k.
2, 3
Let j = 4 + -7. Let i be (-3)/j + 2 - 1. Suppose -22 + 2 = -i*s. What are the prime factors of s?
2, 5
Suppose 111 = -3*x + 15. Let p = 7 - 11. List the prime factors of ((-9)/p)/((-6)/x).
2, 3
Let i = 0 + 0. Suppose -5*x - w + 188 = i, w - 150 = -5*x + x. What are the prime factors of x?
2, 19
Suppose 0 = 5*s - 5*a + 35, -2*s = 3*a + 5 - 6. List the prime factors of 3*2*(-10)/s.
3, 5
Suppose j + 36 = -3*j. Let g = -96 - -109. Let b = j + g. List the prime factors of b.
2
Let j(l) = l + 14. List the prime factors of j(-12).
2
Suppose r - 42 = -9. List the prime factors of r.
3, 11
Let x(j) = j**3 + 9*j**2 + 6*j + 9. What are the prime factors of x(-5)?
79
Let k(t) = 2*t**2 + 6*t + 1. Suppose 0 = -g - 2*g + 18. Suppose -2*p - 4*n - 10 = g, 22 = -4*p - 3*n. List the prime factors of k(p).
3
Let g = -17 + 16. Let j(r) = -9*r. What are the prime factors of j(g)?
3
Let y = -137 - -233. What are the prime factors of y?
2, 3
Suppose -37 - 8 = -y. List the prime factors of y.
3, 5
Let k(w) = w**2 - 11*w + 3. Let p be k(11). Suppose 0 = -0*x + p*x. Suppose -14 = -o - 5*r, -2*o + r + 17 = -x*r. What are the prime factors of o?
3
List the prime factors of ((-52)/26)/((-33)/(-34) - 1).
2, 17
Let k be ((-2)/7)/((-2)/14). Let i = 5 + k. List the prime factors of i.
7
Suppose -119 + 35 = -2*m. List the prime factors of m.
2, 3, 7
Let y = 203 - 88. What are the prime factors of y?
5, 23
Suppose -266 = -7*b + 161. List the prime factors of b.
61
Let l(f) = 4*f - 3. List the prime factors of l(5).
17
Let h(p) = 12*p**3 - p**2 - p + 1. Let l be h(1). Suppose -4*g - l = -5*r, -5*g - 100 = 4*r - 35. What are the prime factors of 13 - 3*6/g?
3, 5
Let k be 28 + (-2 - -2) + 0. Let g be k/(0 + 2) + 2. Let u = -10 + g. What are the prime factors of u?
2, 3
Suppose -5*k = -5*b + 48 - 8, 0 = -2*b + 4*k + 26. Suppose -4*l = 4, -4*s - b*l - l = -148. List the prime factors of s.
2, 19
List the prime factors of 3*(-4 - (4 - 68)).
2, 3, 5
Let m(w) = 2*w**2 + 3*w - 5. Let r be m(-5). List the prime factors of (r/(-9))/((-2)/6).
2, 5
Let f(o) = -3*o + 25. Let i be f(10). Let x(w) = -w**3 - 3*w**2 + 7*w + 4. List the prime factors of x(i).
19
Let t(g) = g**2 + 3*g. Suppose 0*w - 20 = 4*w. List the prime factors of t(w).
2, 5
Suppose -j + 11 + 33 = 0. List the prime factors of j.
2, 11
Let a(l) = -l - 1. Let i(n) = -n + 3. Let d(o) = -o**3 - 10*o**2 - 8*o + 13. Let r be d(-9). Let f(z) = r*a(z) + i(z). What are the prime factors of f(-2)?
3
Suppose -3*w + 4*d = -0*w - 108, 163 = 4*w + d. List the prime factors of w.
2, 5
Suppose 0 = 5*z - 5*d - 1090, 4*z - 1087 = -z + 4*d. What are the prime factors of z?
5, 43
Suppose -73 = -w - 4*g + g, g = 2*w - 174. Suppose -8*x + w = -3*x. What are the prime factors of x?
17
Let d(p) = 2*p**2 - 3*p + 3. Let h be d(2). Suppose -i - z = -0*z - h, i - 4*z - 30 = 0. List the prime factors of i.
2, 5
Let a(g) be the third derivative of -g**5/60 - g**4/4 - 7*g**3/6 - 2*g**2. Let h be a(-5). What are the prime factors of 4*(0 + h/(-4))?
2
Suppose -9 = 5*c - 2*c. List the prime factors of c/(-7) - (-137)/7.
2, 5
Suppose 11*g - 14*g + 42 = 0. List the prime factors of g.
2, 7
Let i = 2 + -10. Let o(r) = 7*r**2 - 9*r - r**2 - 7*r**2 - 2. What are the prime factors of o(i)?
2, 3
Let k be 1 + 1 + (-1 - 1). Let o be 4 + 0/4 - -26. Suppose k = -5*m + 75 - o. List the prime factors of m.
3
Let k be -1 - -2 - (12 + -15). What are the prime factors of 3/6 - (-166)/k?
2, 3, 7
Let q = 212 - -20. List the prime factors of q.
2, 29
Suppose -v - 27 = 2*v. Let t(b) = -2*b - 12. Let l be t(v). Let y = l - 3. List the prime factors of y.
3
Let b = 245 + -153. List the prime factors of b.
2, 23
Let j = -7 + -5. List the prime factors of 15/6*j/(-10).
3
Let a be 3/(-9)*-1*9. Suppose -7*d + a = 3*t - 2*d, -12 = -t + 2*d. List the prime factors of t.
2, 3
Let y = -477 - -273. Let k be (-3)/(9/y) + 0. List the prime factors of k/6 + 2/3.
2, 3
Let a = 55 + -32. Suppose z = -0*z + a. List the prime factors of z.
23
Let o(g) = 7*g**2 + g - 1. Let t be o(1). Let q(k) = k - 6. Let c be q(t). Let m(u) = 10*u**2 - 1. List the prime factors of m(c).
3
Let x = -7 - -4. Let t be (-6)/(-4) - x/6. Let w = 7 - t. What are the prime factors of w?
5
Suppose 0 = -2*m + 4*z + 15 + 9, m + 4*z = -6. Suppose -4 = 2*j + 2*q, -4 = j - q + 3*q. Let v = m - j. What are the prime factors of v?
2, 3
Let w(c) = -c**2 + 7*c + 20. What are the prime factors of w(7)?
2, 5
Let y be 2/(-10) + (-48)/10. List the prime factors of 4*5/(-4)*y.
5
Let s(z) = z**3 - 3*z**2 - 2*z + 1. Suppose 2 = -x + 3*a - 0, 8 = x + 2*a. What are the prime factors of s(x)?
3
Suppose 0 = 5*b + v - 809, -b - v - 4*v + 181 = 0. List the prime factors of b.
7, 23
Let k = 0 + 73. List the prime factors of k.
73
Let g(u) = -u**3 - 12*u**2 - u + 28. List the prime factors of g(-12).
2, 5
Suppose 10 = -5*n + 70. What are the prime factors of n?
2, 3
Suppose 5*q - 22 = 3. Suppose -5*x - 2*z + 40 = -18, q*z - 20 = 0. Let k = x + -7. List the prime factors of k.
3
Let y(l) = -l**3 - 6*l**2 - 10*l - 16. What are the prime factors of y(-7)?
103
Suppose -425 = -4*g - 5*o, 5*g - 2*g = 4*o + 342. List the prime factors of g.
2, 5, 11
Suppose 41 = 5*x - 74. Let z = 42 - x. Suppose 5*q - i = 76, 3*q - 21 = -5*i + z. What are the prime factors of q?
3, 5
Suppose 5*p + g = -3 + 16, -4*p = -2*g - 2. Suppose -p*z + 14 = j + 2*j, -5*j + 26 = 4*z. List the prime factors of z.
2
Let j be 6 - 0*2/4. Let n(g) be the second derivative of g**3/6 + 2*g**2 + g. List the prime factors of n(j).
2, 5
Let f(d) = -d**2 - 6*d - 5. Let c = 0 + -4. Let p be f(c). Suppose -1 = p*m - 7. What are the prime factors of m?
2
Let r = -8 - -5. Let z(h) = -5*h - 1. What are the prime factors of z(r)?
2, 7
Suppose 5*a - 45 = 5*y, 5*a - 4*y = 32 + 11. List the prime factors of 170/a - (-4)/(-14).
2, 3
Suppose -2*c + 8 = 2*m, c - 3*m + 2*m + 4 = 0. Suppose c = -0*u + u - 16. List the prime factors of u.
2
Suppose 0 = 2*x - 29 - 31. List the prime factors of x.
2, 3, 5
Suppose -4*n + 9*n + 4*u = 122, 56 = 2*n - 2*u. Suppose 44 = 5*h - n. What are the prime factors of h?
2, 7
List the prime factors of (-1)/(44/(-504)*23 - -2).
2, 3, 7
List the prime factors of -6*(-2)/(-15)*-30.
2, 3
Let a be (5 - 5)/(0 + 1). Suppose p + 3 - 18 = a. What are the prime factors of p?
3, 5
Suppose -3*k - 3*t + 6 = -0, 4*k - 3*t = 29. Suppose 0 = -k*u + 3 + 17. What are the prime factors of u?
2
Suppose 4*g - 12 = -0. Suppose 0 = -3*o + g - 36. Let s = o + 22. What are the prime factors of s?
11
Let d(j) = j**3 + 10*j**2 + 5*j - 13. Let v be d(-9). List the prime factors of v/3 + (-6)/9.
7
Let x(h) = 5*h**2 - h + 1. Let g(z) = 11*z**2 - 3*z + 3. Let d(a) = 6*g(a) - 13*x(a). What are the prime factors of d(6)?
11
Let a(f) = 7*f**3 + 3*f**2 - 4*f + 3. List the prime factors of a(2).
3, 7
Let h(j) = j**3 + 4*j**2 + 4*j + 3. Let w be h(-2). Let z(y) = -y**3 + 10*y. Let v be z(-3). List the prime factors of 6/(w/v - -2).
2, 3
Let k(t) = t - 5. Let i be k(8). Suppose -5*p = i*n - 134, 195 = 4*n + 4*p + 19. What are the prime factors of n?
43
Let f(n) = -n**3 + 2*n**2 + 13*n + 13. Let i(r) = -r**2 - 6*r - 6. Let p(o) = 2*f(o) + 5*i(o). List the prime factors of p(-3).
53
Let l = -1 - -5. Let r(f) = 3*f + 2 - 6 - l*f. List the prime factors of r(-6).
2
Suppose -3*m - i - 3*i + 80 = 0, m - 28 = -2*i. Let y = 38 - m. What are the prime factors of (1 - -6)*24/y?
2, 3
Let w = 2 + 2. Suppose -4*d + r + w*r = -17, 2*d